{"id":45,"date":"2020-06-03T12:00:52","date_gmt":"2020-06-03T10:00:52","guid":{"rendered":"https:\/\/www.entspann-dich.at\/?page_id=45"},"modified":"2020-06-10T14:27:42","modified_gmt":"2020-06-10T12:27:42","slug":"klangbett","status":"publish","type":"page","link":"https:\/\/www.entspann-dich.at\/index.php\/klangtherapie\/klangbett\/","title":{"rendered":"Klangbett"},"content":{"rendered":"\n<h2 class=\"wp-block-heading\">Auf dem Klangbett alle Kl\u00e4nge erleben, die Heilung h\u00f6ren und sp\u00fcren<\/h2>\n\n\n\n<p>Das maximal h\u00f6rbare und sp\u00fcrbare Klangerlebnis ist garantiert. Der Vorteil liegt nat\u00fcrlich darin, dass man direkt auf dem Klangk\u00f6rper liegt und sich somit auch alle Frequenzen bzw. Schwingungen auf unseren K\u00f6rper \u00fcbertragen. Stress wird abgebaut, und der Klient kommt in die Entspannung. Sehr zu empfehlen bei Stress bedingten Krankheiten, sowie bei Schlafst\u00f6rungen oder anderen energetischen und geistigen Blockaden. Erfahren sie Heilung durch diese T\u00f6ne \/ Kl\u00e4nge und schweben sie ins Gl\u00fcck. Im Einklang sein mit sich selbst.<\/p>\n\n\n\n<p>Termine und Preise per E-Mail oder nach telefonischer Vereinbarung.<\/p>\n\n\n\n<figure class=\"wp-block-image size-large\"><img loading=\"lazy\" decoding=\"async\" width=\"1024\" height=\"808\" src=\"https:\/\/www.entspann-dich.at\/wp-content\/uploads\/2020\/06\/Klangbett-1024x808.jpg\" alt=\"\" class=\"wp-image-159\" srcset=\"https:\/\/www.entspann-dich.at\/wp-content\/uploads\/2020\/06\/Klangbett-1024x808.jpg 1024w, https:\/\/www.entspann-dich.at\/wp-content\/uploads\/2020\/06\/Klangbett-300x237.jpg 300w, https:\/\/www.entspann-dich.at\/wp-content\/uploads\/2020\/06\/Klangbett-768x606.jpg 768w, https:\/\/www.entspann-dich.at\/wp-content\/uploads\/2020\/06\/Klangbett-1536x1212.jpg 1536w, https:\/\/www.entspann-dich.at\/wp-content\/uploads\/2020\/06\/Klangbett-2048x1616.jpg 2048w, https:\/\/www.entspann-dich.at\/wp-content\/uploads\/2020\/06\/Klangbett-400x316.jpg 400w, https:\/\/www.entspann-dich.at\/wp-content\/uploads\/2020\/06\/Klangbett-600x473.jpg 600w, https:\/\/www.entspann-dich.at\/wp-content\/uploads\/2020\/06\/Klangbett-1200x947.jpg 1200w, https:\/\/www.entspann-dich.at\/wp-content\/uploads\/2020\/06\/Klangbett-1920x1515.jpg 1920w, https:\/\/www.entspann-dich.at\/wp-content\/uploads\/2020\/06\/Klangbett.jpg 2560w\" sizes=\"(max-width: 1024px) 100vw, 1024px\" \/><\/figure>\n","protected":false},"excerpt":{"rendered":"<p>Auf dem Klangbett alle Kl\u00e4nge erleben, die Heilung h\u00f6ren und sp\u00fcren Das maximal h\u00f6rbare und sp\u00fcrbare Klangerlebnis ist garantiert. Der Vorteil liegt nat\u00fcrlich darin, dass man direkt auf dem Klangk\u00f6rper liegt und sich somit auch alle Frequenzen bzw. Schwingungen auf unseren K\u00f6rper \u00fcbertragen. Stress wird abgebaut, und der Klient kommt in die Entspannung. Sehr zu [&hellip;]<\/p>\n","protected":false},"author":3,"featured_media":0,"parent":39,"menu_order":0,"comment_status":"closed","ping_status":"closed","template":"","meta":{"footnotes":""},"class_list":["post-45","page","type-page","status-publish","hentry"],"_links":{"self":[{"href":"https:\/\/www.entspann-dich.at\/index.php\/wp-json\/wp\/v2\/pages\/45"}],"collection":[{"href":"https:\/\/www.entspann-dich.at\/index.php\/wp-json\/wp\/v2\/pages"}],"about":[{"href":"https:\/\/www.entspann-dich.at\/index.php\/wp-json\/wp\/v2\/types\/page"}],"author":[{"embeddable":true,"href":"https:\/\/www.entspann-dich.at\/index.php\/wp-json\/wp\/v2\/users\/3"}],"replies":[{"embeddable":true,"href":"https:\/\/www.entspann-dich.at\/index.php\/wp-json\/wp\/v2\/comments?post=45"}],"version-history":[{"count":5,"href":"https:\/\/www.entspann-dich.at\/index.php\/wp-json\/wp\/v2\/pages\/45\/revisions"}],"predecessor-version":[{"id":293,"href":"https:\/\/www.entspann-dich.at\/index.php\/wp-json\/wp\/v2\/pages\/45\/revisions\/293"}],"up":[{"embeddable":true,"href":"https:\/\/www.entspann-dich.at\/index.php\/wp-json\/wp\/v2\/pages\/39"}],"wp:attachment":[{"href":"https:\/\/www.entspann-dich.at\/index.php\/wp-json\/wp\/v2\/media?parent=45"}],"curies":[{"name":"wp","href":"https:\/\/api.w.org\/{rel}","templated":true}]}}