{"id":69,"date":"2020-06-03T12:01:28","date_gmt":"2020-06-03T10:01:28","guid":{"rendered":"https:\/\/www.entspann-dich.at\/?page_id=69"},"modified":"2020-06-10T11:51:37","modified_gmt":"2020-06-10T09:51:37","slug":"meditation-atem-aufstellungen","status":"publish","type":"page","link":"https:\/\/www.entspann-dich.at\/index.php\/energetik-angebote\/meditation-atem-aufstellungen\/","title":{"rendered":"Meditation-Atem-Aufstellungen"},"content":{"rendered":"\n<h2 class=\"wp-block-heading\">Durch das Tun sich selbst erkennen<\/h2>\n\n\n\n<p>Meditationen, Atem\u00fcbungen, K\u00f6rper\u00fcbungen, Qi-Gong und Aufstellungen, in individueller Kombination auch mit Unterst\u00fctzung von Kristallen, sind weitere Werkzeuge, die uns unterst\u00fctzen ganzheitlich gesund zu bleiben. Sie helfen uns zu erkennen, wo es noch etwas zu tun gibt, um gl\u00fccklich und gesund zu sein. Individuelle Einzelsitzungen, oder auch kleine Gruppen sind herzlich willkommen. Telefonisches Vorgespr\u00e4ch \u00fcber ihr Anliegen, Terminvereinbarung und los.<\/p>\n","protected":false},"excerpt":{"rendered":"<p>Durch das Tun sich selbst erkennen Meditationen, Atem\u00fcbungen, K\u00f6rper\u00fcbungen, Qi-Gong und Aufstellungen, in individueller Kombination auch mit Unterst\u00fctzung von Kristallen, sind weitere Werkzeuge, die uns unterst\u00fctzen ganzheitlich gesund zu bleiben. Sie helfen uns zu erkennen, wo es noch etwas zu tun gibt, um gl\u00fccklich und gesund zu sein. Individuelle Einzelsitzungen, oder auch kleine Gruppen sind [&hellip;]<\/p>\n","protected":false},"author":3,"featured_media":0,"parent":57,"menu_order":0,"comment_status":"closed","ping_status":"closed","template":"","meta":{"footnotes":""},"class_list":["post-69","page","type-page","status-publish","hentry"],"_links":{"self":[{"href":"https:\/\/www.entspann-dich.at\/index.php\/wp-json\/wp\/v2\/pages\/69"}],"collection":[{"href":"https:\/\/www.entspann-dich.at\/index.php\/wp-json\/wp\/v2\/pages"}],"about":[{"href":"https:\/\/www.entspann-dich.at\/index.php\/wp-json\/wp\/v2\/types\/page"}],"author":[{"embeddable":true,"href":"https:\/\/www.entspann-dich.at\/index.php\/wp-json\/wp\/v2\/users\/3"}],"replies":[{"embeddable":true,"href":"https:\/\/www.entspann-dich.at\/index.php\/wp-json\/wp\/v2\/comments?post=69"}],"version-history":[{"count":3,"href":"https:\/\/www.entspann-dich.at\/index.php\/wp-json\/wp\/v2\/pages\/69\/revisions"}],"predecessor-version":[{"id":209,"href":"https:\/\/www.entspann-dich.at\/index.php\/wp-json\/wp\/v2\/pages\/69\/revisions\/209"}],"up":[{"embeddable":true,"href":"https:\/\/www.entspann-dich.at\/index.php\/wp-json\/wp\/v2\/pages\/57"}],"wp:attachment":[{"href":"https:\/\/www.entspann-dich.at\/index.php\/wp-json\/wp\/v2\/media?parent=69"}],"curies":[{"name":"wp","href":"https:\/\/api.w.org\/{rel}","templated":true}]}}